w) = 4*o(w) - 5*y(w). Let i be m(-7). What is the units digit of a(i)?
0
Suppose -4*a + 228 = 2*a. Let p = -14 + a. Suppose 4*g + 2*y - p = -0*g, 0 = 4*g - y - 24. What is the units digit of g?
6
Suppose 0 = 2*u - 4*u + 6. Let i be ((-4)/4 - 0) + u. What is the units digit of (1/i)/((-2)/(-124))?
1
Suppose 0 = -4*v + 12*v - 4312. What is the hundreds digit of v?
5
Let j(f) = f**2 + 2*f - 1. Let u be j(1). Let g(c) = -c**3 + 5*c**2 - 3*c - 3. Let d be g(2). Suppose -u*k + k = -d. What is the units digit of k?
3
Suppose -26 = -d - d. Let l(p) be the first derivative of -p**3/3 + 8*p**2 - 1. What is the tens digit of l(d)?
3
Let a be 1/2 + 350/28. Let f(t) = -t**2 + 17*t + 1. What is the tens digit of f(a)?
5
Suppose q + 5 = -4*q. Let z be 1 - (0 - 199) - q. Suppose -27 = 3*d - z. What is the tens digit of d?
5
Suppose 176 = d - 4*s + 5*s, -5*d - 3*s = -872. Suppose -157 = -f + 4*i, 2*f - f - i - d = 0. What is the tens digit of f?
7
Suppose -3*h + 3*q + 18 = 0, 4*q + 17 = -3. Suppose -c = -g + h, 4*g = 4*c + 3*g - 5. Suppose -c*r + 36 = -0*r. What is the units digit of r?
8
Let u(m) = 6*m**2 + 1. Let n be u(1). Suppose -n*i = i - 624. What is the tens digit of i?
7
Let v(h) = 6*h - 9. Let d be v(6). Let m(o) = -o**3 + d + 3*o - 90*o**2 - o + 91*o**2. What is the tens digit of m(0)?
2
Let q be -12*((-1)/6 + 4/6). Let g(j) = 3*j + 8. Let t(s) = 7*s + 17. Let m(k) = 9*g(k) - 4*t(k). What is the units digit of m(q)?
0
Let l be (27/12)/((-6)/16). Let f be (1/3)/(2/l). What is the units digit of 15*((-4)/(-2) + f)?
5
Let m(w) be the second derivative of 17*w**4/2 - w**3/2 - 2*w**2 + w + 2. What is the tens digit of m(-1)?
0
Suppose 0 = 5*r - 2*r - 12. Let q be r/(8/4) - -4. Suppose -30 = -2*t + q. What is the tens digit of t?
1
Let v(l) = -l + 2. Let g(u) = -u**2 - 4*u - 3. Let p be g(-3). Let x be v(p). Suppose 2*r - 4*s - 12 = -0*s, -4*s - x = -r. What is the tens digit of r?
1
Suppose -4*d - 42 + 82 = 0. Suppose -d*g - 675 = -15*g. What is the tens digit of g?
3
Let g(w) be the first derivative of -w + 2*w**2 + 1 + 3 + 3*w. What is the units digit of g(4)?
8
Let i be 2/5 + (-53)/(-5). Suppose 87 = -2*d + 115. Suppose i + d = v. What is the units digit of v?
5
What is the tens digit of (-5420)/(-30)*6/4?
7
Suppose 5*a = 5*t - 30, t = -3*a - 1 + 19. Suppose 4*n = t*n - 380. What is the units digit of n?
6
Let x(u) = -11*u - 4. Let d be x(-1). Suppose q + 2 = 2*q, -2*b + 84 = -5*q. Suppose n = b - d. What is the tens digit of n?
4
Suppose 6638*j + 3455 = 6643*j. What is the tens digit of j?
9
Suppose -n - 56 = 3*f, 0 = -2*f + f - 2*n - 27. Let x be ((3 - f)/2)/2. Suppose -3*i - 20 = -6*q + q, 3*q - x*i + 4 = 0. What is the units digit of q?
7
Let h(u) = 15*u + 9. Let m be h(28). Let r = -174 + m. What is the tens digit of r?
5
Let k = -161 - -175. What is the units digit of k?
4
Let s(u) = 32*u**2 - 12*u - 49. What is the units digit of s(-3)?
5
Let r be 5 + (-2 + 3)*2. Let u(v) = v**3 + v**2 - 7*v - 2. Let f be u(-3). Let z = r + f. What is the units digit of z?
8
Suppose 3*i = -3*i. Suppose i = -2*x - 6 + 2. Let o = x + 39. What is the units digit of o?
7
Suppose 13294 = 5*d - 2*v, 0*d + 4*d = 2*v + 10634. Suppose -9 + 3 = u. What is the units digit of d/42 + (-4)/u?
4
Suppose 24 = 4*q - 2*q + 5*d, -q + 5*d = -12. Let x be (-1 + 0)/(-2)*q. Suppose 41 = 5*k + x. What is the units digit of k?
7
Let a = -28 + 23. Let b = a - -43. What is the units digit of b?
8
Let k(p) = p**2 + 4*p + 2. Let s be k(0). Suppose -g + s*g = 41. What is the units digit of g?
1
Let a = -381 - -420. What is the units digit of a?
9
Let q(p) = -p**3 - 6*p**2 - 4*p + 2. Let v(r) = -2*r**3 - 13*r**2 - 9*r + 3. Let u(o) = -7*q(o) + 4*v(o). What is the units digit of u(-10)?
8
Let b(f) = -29*f**3 - 10*f**2 + 3*f + 9. What is the units digit of b(-3)?
3
Let y(c) = -c**3 + 11*c**2 - 3. Let q be y(11). Let l(w) = -4*w - 1. Let n be l(q). Suppose r = n + 20. What is the units digit of r?
1
Let b be -116*3*(-6)/8. Suppose -w - 44 + b = -3*z, 398 = 2*w + 3*z. Suppose -w + 53 = -4*g. What is the tens digit of g?
3
Suppose -4*m + 55 + 33 = 0. Suppose -4*h + m + 142 = 0. What is the tens digit of h?
4
Let z = -4398 - -6161. What is the units digit of z?
3
Let q(n) = n - 4. Let a(s) = -s**3 - 11*s**2 - 12*s - 8. Let c be a(-10). What is the units digit of q(c)?
8
Let m(u) = 6*u**2 - 2*u - 3. Let o(a) = a - 6. Let q be o(4). What is the tens digit of m(q)?
2
Let j = 23 - 25. Let g = 26 - j. What is the units digit of g?
8
Suppose 0 = 5*c + 6*j - j - 155, 0 = -2*j - 10. Suppose -2*t + 264 + 48 = 0. Suppose 4*y - t + c = 0. What is the units digit of y?
0
Let k(i) = 10*i**2 + 5*i + 2. Let v be k(-3). Suppose -v + 389 = 4*s. What is the tens digit of (10/(-30))/((-2)/s)?
1
Let k be (-2)/4 + 34/4. Let f(r) = r**2 - 8*r + 2. Let q be f(k). Suppose 33 + 17 = q*o. What is the units digit of o?
5
Let d(x) = -x**2 - 9*x + 12. Let l be d(-10). What is the hundreds digit of 105 + -1*l + (0 - 1)?
1
Suppose -7*a - 36 = -19*a. Suppose -5*f - 6*w + 4*w = -502, -296 = -a*f + 4*w. What is the units digit of f?
0
Suppose 0 = -5*m - 4*i + 102, -3*m + 3*i = i - 48. Suppose 5*y - 7*y = -m. What is the units digit of 27 - (-3 - y/(-3))?
7
Let n(j) = 3*j**2 - 6*j - 37. Let k be n(16). Suppose 9*t - 4*t = k. What is the tens digit of t?
2
Let c = 272 - -945. What is the tens digit of c?
1
Suppose -2*l + 4*q + 32 = 0, -2*q = 2*l - 3*q - 17. Suppose 0 = l*i - 794 + 170. What is the units digit of i?
4
Suppose 6*i = 8*i. What is the tens digit of (i - (-2)/1) + 28?
3
Suppose -2*y = 3*y - 10. Suppose 4*x - f + 5 = -x, -3*x - y*f = 16. Let d = x - -11. What is the units digit of d?
9
Let a be -470 - (0 + 2) - 2. Suppose -4*g + 125 = -k, -4*g - 2*k = -106 - 4. What is the tens digit of 18/g + a/(-10)?
4
Let t(j) = j**2 - j + 60. Let q(u) = 3*u + 6. Let p be q(-2). What is the tens digit of t(p)?
6
What is the units digit of ((-190)/(-285))/(4/438)?
3
Let p(y) = -18*y - 27 - y**2 - 6*y + 13. What is the hundreds digit of p(-10)?
1
Let f = -18 - -18. Suppose 4*v + 2*d + f*d = 228, d = 2*v - 118. Suppose -2*h + 2*j + v = -2*j, j - 1 = 0. What is the units digit of h?
1
Suppose -p - 24 = 2*p + y, 5*p + 2*y = -41. Let j be (-2)/(-4)*(-3 - p). Suppose -5*g + 22 = -j*q, -4*g - q + 19 = -4*q. What is the units digit of g?
4
Let k be (-6846)/49 - 8/28. What is the tens digit of 102/5*k/(-56)?
5
Let z be (0 - (-1162)/9) + (-5)/45. Let o = -86 + z. What is the tens digit of o?
4
Let j(f) = 4*f - 16. Let w(b) = -b + 11. Let p be w(6). Let x be j(p). Suppose 2 = -i, -2*c - i = x*i - 8. What is the units digit of c?
9
Let m = 382 + -24. Let l = -182 + m. What is the tens digit of l?
7
Suppose 4*m = -16, -4*p + m = -0*m + 252. Let i = p + 172. What is the units digit of i?
8
Suppose -59*l + 24*l = 140. Let m(i) be the second derivative of -7*i**3/3 - 7*i**2/2 + i. What is the units digit of m(l)?
9
Suppose -5*z + 160 = -275. Suppose 3*w = 6*w - z. What is the tens digit of w?
2
Suppose -23*u + 23924 - 1338 = 0. What is the tens digit of u?
8
Let a(o) = 4*o**3 - 18*o**2 - 4*o - 11. What is the hundreds digit of a(6)?
1
Suppose -2*m - 53 = -63. Suppose -4*k - 74 = -2*o, -20 = -o + m*k + 17. What is the units digit of o?
7
Suppose 0 = -g - 4*f + 23, 4*g - 4*f - 35 = -f. Suppose g + 9 = 5*r. Suppose n - r = 7. What is the units digit of n?
1
Let j(x) = 15 + x**3 - 221*x**2 - 3 - 2*x + 216*x**2. What is the tens digit of j(7)?
9
Let l = 62 + -60. Suppose l*i - 2*w = 146, 4*i + 0*w + w = 317. What is the tens digit of i?
7
Let b = -7 - -10. Let t(k) = -k**2 - 8*k + 10. Let s be t(-9). Let o = b + s. What is the units digit of o?
4
Let m be (-6)/((-28)/16 - -1). Let l(h) = -2*h + 18. Let u be l(m). Suppose a = u*s - 93, -s = -3*a - 29 - 15. What is the tens digit of s?
4
Let a be 77/4 + 39/52. Suppose -5*m = -a - 95. Suppose -2*y = -3*c - 1 - m, 2*y + c = 16. What is the units digit of y?
9
Suppose 73*i = 75*i + 1062. What is the tens digit of (-16)/24*i*1/2?
7
What is the units digit of (-11 - -142)/((10/(-12))/(-5))?
6
Let d(k) = -k - 6. Let z be d(5). Let c = 88 + z. Let h = c - 53. What is the tens digit of h?
2
Let k be 5/(35/6)*7. Suppose k*q = 3*q + 3*l + 69, 3*q + 5*l = 37. What is the tens digit of q?
1
Let f = -35 + 38. Suppose